st the prime factors of 21242751.
3, 2659, 2663
List the prime factors of 558969526.
2, 279484763
List the prime factors of 3985719196.
2, 3209, 310511
What are the prime factors of 62924375?
5, 83, 1213
What are the prime factors of 135344612?
2, 13, 2602781
What are the prime factors of 76142856?
2, 3, 883, 3593
List the prime factors of 236345098.
2, 11, 193, 55663
List the prime factors of 1960522445.
5, 7, 761, 73607
List the prime factors of 16585197.
3, 41, 134839
What are the prime factors of 2062211851?
7, 337, 929, 941
List the prime factors of 1290513888.
2, 3, 4480951
List the prime factors of 768336643.
23, 29, 31, 37159
List the prime factors of 244568293.
1187, 206039
List the prime factors of 58884437.
2593, 22709
List the prime factors of 28089943.
7, 71, 56519
What are the prime factors of 186196811?
89, 2092099
List the prime factors of 1123048796.
2, 61, 4602659
List the prime factors of 32929605.
3, 5, 353, 691
List the prime factors of 54059770.
2, 5, 29, 131, 1423
List the prime factors of 1301381556.
2, 3, 191, 567793
What are the prime factors of 189357978?
2, 3, 1733, 18211
What are the prime factors of 11176706?
2, 383, 14591
What are the prime factors of 32667723?
3, 11, 329977
List the prime factors of 3416303080.
2, 5, 139, 197, 3119
List the prime factors of 446696176.
2, 557, 50123
What are the prime factors of 692088749?
11, 173, 363683
List the prime factors of 8331282.
2, 3, 41, 53, 71
List the prime factors of 29209968.
2, 3, 71, 2857
List the prime factors of 249258994.
2, 2459, 50683
List the prime factors of 705780364.
2, 17, 953, 10891
List the prime factors of 122498126.
2, 61, 821, 1223
List the prime factors of 97722745.
5, 23, 849763
List the prime factors of 454289126.
2, 19, 11954977
List the prime factors of 77009369.
71, 101, 10739
List the prime factors of 50605601.
50605601
List the prime factors of 730427162.
2, 2741, 133241
List the prime factors of 1637874094.
2, 67, 12222941
What are the prime factors of 330246981?
3, 17, 2158477
List the prime factors of 517672213.
5237, 98849
What are the prime factors of 214723709?
1259, 170551
List the prime factors of 345925927.
43, 8044789
List the prime factors of 1035882596.
2, 7, 36995807
List the prime factors of 24688505.
5, 17, 19, 15287
What are the prime factors of 2172287317?
2609, 832613
What are the prime factors of 605562702?
2, 3, 41, 2461637
What are the prime factors of 388345155?
3, 5, 11, 37, 63611
What are the prime factors of 52992847?
3739, 14173
What are the prime factors of 1159948556?
2, 13, 17, 19, 69061
List the prime factors of 398127201.
3, 443, 299569
What are the prime factors of 3978307725?
3, 5, 7, 29, 261301
What are the prime factors of 352625162?
2, 467, 377543
What are the prime factors of 593455393?
593455393
What are the prime factors of 72690738?
2, 3, 12115123
List the prime factors of 234372341.
7, 4783109
List the prime factors of 428443665.
3, 5, 13, 97, 22651
List the prime factors of 21361226.
2, 29, 53, 6949
List the prime factors of 739794721.
6709, 110269
What are the prime factors of 18879635?
5, 19, 198733
List the prime factors of 9684143.
7, 1383449
List the prime factors of 809113408.
2, 12642397
What are the prime factors of 233007453?
3, 7, 3698531
What are the prime factors of 1143504206?
2, 13, 43980931
List the prime factors of 878227497.
3, 7, 17, 109, 7523
List the prime factors of 109973484.
2, 3, 61, 16693
List the prime factors of 361051195.
5, 89, 811351
What are the prime factors of 170606843?
11, 43, 373, 967
List the prime factors of 2482140049.
71, 34959719
List the prime factors of 176044711.
67, 1259, 2087
List the prime factors of 66360364.
2, 7, 983, 2411
List the prime factors of 198893484.
2, 3, 29, 59, 3229
What are the prime factors of 2243532426?
2, 3, 19, 1697, 11597
What are the prime factors of 163460645?
5, 41, 211, 3779
List the prime factors of 48123666.
2, 3, 891179
List the prime factors of 416791346.
2, 17, 43, 97, 2939
List the prime factors of 79456949.
11, 13, 50513
What are the prime factors of 203876356?
2, 50969089
What are the prime factors of 22903253?
2399, 9547
What are the prime factors of 2124325081?
29, 113, 157, 4129
List the prime factors of 5781916574.
2, 7, 59, 6999899
List the prime factors of 254254539.
3, 7, 11, 199, 5531
List the prime factors of 134237027.
29, 61, 75883
What are the prime factors of 3878432546?
2, 23, 84313751
What are the prime factors of 211458924?
2, 3, 652651
List the prime factors of 27270179.
29, 940351
List the prime factors of 1948363552.
2, 1931, 31531
List the prime factors of 134151083.
11, 12195553
What are the prime factors of 101710472?
2, 12713809
List the prime factors of 161885652.
2, 3, 13490471
What are the prime factors of 7534603?
7534603
List the prime factors of 1626347740.
2, 5, 81317387
What are the prime factors of 1788993942?
2, 3, 31, 151, 63697
List the prime factors of 87940696.
2, 10992587
What are the prime factors of 136994659?
5231, 26189
What are the prime factors of 166748730?
2, 3, 5, 191, 29101
List the prime factors of 1807331475.
3, 5, 29, 830957
List the prime factors of 2812156831.
11, 41, 6235381
What are the prime factors of 425677305?
3, 5, 71, 151, 2647
List the prime factors of 4083592844.
2, 73, 733, 19079
List the prime factors of 82601011.
17, 397, 12239
List the prime factors of 34120439.
34120439
What are the prime factors of 8801831?
47, 187273
List the prime factors of 1650387775.
5, 37, 1784203
What are the prime factors of 2079072964?
2, 3967, 131023
What are the prime factors of 51604679?
7, 97, 76001
What are the prime factors of 1498860082?
2, 67, 1103, 10141
What are the prime factors of 181538418?
2, 3, 31, 976013
What are the prime factors of 238144973?
11, 21649543
What are the prime factors of 24397940?
2, 5, 7, 23, 7577
List the prime factors of 5741977.
1907, 3011
List the prime factors of 4995728661.
3, 7, 11, 229, 94439
List the prime factors of 3834750193.
2179, 1759867
List the prime factors of 27496285.
5, 139, 39563
List the prime factors of 367408010.
2, 5, 36740801
List the prime factors of 152225554.
2, 13, 103, 56843
List the prime factors of 47599260.
2, 3, 5, 31, 157, 163
What are the prime factors of 205218259?
19, 23, 373, 1259
What are the prime factors of 1054197735?
3, 5, 70279849
What are the prime factors of 232636481?
7, 11, 131, 23063
What are the prime factors of 583806829?
43, 59, 230117
What are the prime factors of 3594460586?
2, 17, 349, 302921
What are the prime factors of 2069297?
167, 12391
List the prime factors of 932509163.
932509163
List the prime factors of 48734664.
2, 3, 11, 367, 503
List the prime factors of 107899960.
2, 5, 7, 55051
What are the prime factors of 65237960?
2, 5, 191, 8539
List the prime factors of 360600775.
5, 571, 25261
What are the prime factors of 1261824101?
61, 151, 136991
What are the prime factors of 83617382?
2, 29, 1441679
What are the prime factors of 51796695?
3, 5, 67, 51539
What are the prime factors of 389212959?
3, 41, 3164333
What are the prime factors of 804598745?
5, 2269, 70921
List the prime factors of 725055363.
3, 80561707
What are the prime factors of 2898726496?
2, 509, 177967
List the prime factors of 7486706837.
233, 389, 82601
List the prime factors of 371851706.
2, 185925853
List the prime factors of 50946356.
2, 53, 167, 1439
List the prime factors of 120871575.
3, 5, 11, 73, 223
What are the prime factors of 140849232?
2, 3, 37, 71, 1117
What are the prime factors of 1209028582?
2, 31, 41, 475621
List the prime factors of 46472300.
2, 5, 7, 197, 337
What are the prime factors of 416269?
7, 59467
List the prime factors of 683814914.
2, 1123, 304459
What are the prime factors of 4262985517?
7, 53, 11490527
What are the prime factors of 239414106?
2, 3, 39902351
What are the prime factors of 242104749?
3, 43, 1876781
List the prime factors of 658383295.
5, 277, 475367
What are the prime factors of 893473142?
2, 446736571
What are the prime factors of 19866381?
3, 19, 31, 11243
List the prime factors of 268144831.
268144831
List the prime factors of 226234007.
19, 626687
List the prime factors of 113365920.
2, 3, 5, 103, 2293
List the prime factors of 1350111240.
2, 3, 5, 29, 1436